35618. What are the prime factors of y?
13, 37, 59
Let t(j) = 6*j**2 - 158*j - 214. List the prime factors of t(-28).
2, 4457
Let z(b) = 30*b + 16. Suppose 0 = 3*h - 7 + 1. Suppose -2*r - h*r + 16 = 0. List the prime factors of z(r).
2, 17
Let z(r) = 988*r - 28. Let c be z(2). Suppose 0 = 76*b - 74*b - c. What are the prime factors of b?
2, 487
Suppose 259*s - 1551572 = 62*s. List the prime factors of s.
2, 11, 179
Let j(g) = 8*g - 36. Let r be j(3). Let i(v) = 5*v**2 + 22*v + 79. List the prime factors of i(r).
5, 107
Suppose 3980 = -2*d + 12*d. Let l = -161 + d. List the prime factors of l.
3, 79
What are the prime factors of (-3355185)/(-54) + -9*(-4)/(-648)?
3, 139, 149
What are the prime factors of 62613/6 - 60/120?
5, 2087
What are the prime factors of 8/(-6)*(-25589745)/1740?
19609
What are the prime factors of 88/(-18)*(-122043)/34 + (-2)/(-6)?
7, 23, 109
Suppose -3*h - 448 = -4*m, -2*m = 3*h - 3*m + 436. Let w = h + 148. List the prime factors of (w + 13 + -3)*(-111)/(-6).
7, 37
List the prime factors of 10909 - (20 + (-16 - -15)).
2, 3, 5, 11
Let c(t) = -t**3 + 45*t**2 - 55*t + 52. Let i be c(43). Let r = i - 313. List the prime factors of r.
2, 67
Let g(c) = -368*c - 3525. What are the prime factors of g(-11)?
523
What are the prime factors of ((-2)/(-10))/((-4)/(-38) + 13158987/(-125035105))?
13, 739
Suppose -s = -2*x + 45, -7*s = -5*x - 3*s + 117. Let p be (x/14)/(6/8). List the prime factors of (p*-2)/(24/(-6))*26.
2, 13
Suppose -z - 4 = -2*z. Suppose 24 = 5*u - z*j - 129, -5*u + 149 = -2*j. What are the prime factors of (15 - u)/((-3)/(-5) - 1)?
5, 7
Suppose -5*g + 2 = 2*q, -3*g = -5*g - q + 1. Suppose 2*d - 6*d + 1912 = g. What are the prime factors of d?
2, 239
Suppose -31*g = -34*g - 4*a + 19799, 0 = -5*g + a + 32983. List the prime factors of g.
3, 733
Let z(c) = 25*c + 235. Let l be z(-9). Suppose -l*g + 1093 = -2257. List the prime factors of g.
5, 67
Let z = 162 + -158. What are the prime factors of -1 + (90 - (-5 + z))?
2, 3, 5
Suppose -3*x + 0*m - 4*m = -11, 5*x + 3*m - 11 = 0. List the prime factors of (13 - 12)*439/x.
439
Let j(r) = r**3 - 4*r**2 - 5*r. Let k be j(5). Suppose 21*f - 17*f + 4 = k. List the prime factors of 3 - (-104 + 1 + f).
107
Let y(l) = 2098*l + 4330. List the prime factors of y(15).
2, 5, 179
Suppose -4*j = m - 16, -3*j - 36 = -4*m - 29. Suppose -11*z + 1368 = m*f - 6*z, -5*z + 20 = 0. List the prime factors of f.
337
List the prime factors of 12/(3/18*1*(-33)/(-5698)).
2, 3, 7, 37
What are the prime factors of 1508 - (0 + 14 - 10)?
2, 47
Suppose -4*c = 3*k + 55, 0 = -2*c + k - 35. Let a = c - -20. Suppose -5*b + 63 = 4*z - 2*b, 0 = 4*z + a*b - 64. List the prime factors of z.
3, 5
Let s be 28076/(-26) - (-6 - 240/(-39)). What are the prime factors of 16/(48/(-6)) - s?
2, 7, 11
Let x(k) = 80*k**3 - 70*k**2 + 6*k - 4. List the prime factors of x(3).
2, 193
Suppose 5*b = -2*p + 117002, 166418 = 3*p + b - 9033. List the prime factors of p.
58481
Let p(l) = -l**3 + 2*l**2 - 34*l + 265. Let m be p(0). Let z = 13 + 40. Let t = m - z. List the prime factors of t.
2, 53
Let t(b) = 2*b**3 - 9*b**2 + 9*b + 2. Let y(z) = -z**3 + 7*z - 5. Let w be y(2). Let s be (1 + 4)*1*w. List the prime factors of t(s).
2, 3
What are the prime factors of (-4495800)/(-700) - 8/14?
2, 13, 19
Let d = 348 + 152. Let g(s) = 29*s + 21. Let o be g(-7). Let v = d + o. List the prime factors of v.
2, 3, 53
Suppose 4*x = 11*o - 16*o + 29909, 3*o = -6*x + 17967. List the prime factors of o.
43, 139
Let c = 1512 + -965. Suppose 9*o = 10*o - 3*f - c, -5*o - 5*f + 2715 = 0. What are the prime factors of o?
2, 17
Let r = -26356 + 48634. List the prime factors of r.
2, 3, 47, 79
Suppose n = -2*s + 5604, 24*n = 25*n + s - 5603. List the prime factors of n.
2, 2801
What are the prime factors of (-65887355)/(-2276) + (-1)/(-4)?
28949
Let g(r) = 108*r - 47. Let w = -495 + 498. What are the prime factors of g(w)?
277
List the prime factors of (-16 + -2)*(1720/(-3) - 2).
2, 3, 863
Let h = -327 + 322. List the prime factors of 40 + h + 2 + 2 + 3.
2, 3, 7
Let f be 6 - (-1 + -6 - -9). Let j(g) = -g**2 - 6*g - 3. Let i be j(-5). Suppose -d + 19 = 5*p, 3*d + i*d + f*p = 200. List the prime factors of d.
2, 11
Let a(g) = g**2 + g - 151. Let i be a(0). Suppose -18*v + 465 + 5349 = 0. Let h = v + i. List the prime factors of h.
2, 43
Suppose u = -2*w + 21, u - 11 - 28 = 4*w. Suppose -29*x = -u*x + 6. List the prime factors of ((-260)/x - 5)*3.
5, 7
Let c(g) = -23*g**2 + 447*g + 40. What are the prime factors of c(19)?
2, 5, 23
Let u(k) = 2*k**2 - 2. Let d(v) = -11*v**2 - 22*v + 49. Let w(g) = -d(g) - 2*u(g). List the prime factors of w(-13).
2, 3, 71
Let z(v) = -3*v**2 + 5*v - 4. Let a(k) = 7*k**2 - 10*k + 7. Let w(o) = -4*a(o) - 9*z(o). Let x be w(2). List the prime factors of 2/(-3)*(x + 3) + 143.
5, 29
Suppose 9114 = 2*v - 2*o, -3*v + 13681 = 5*o - 3*o. What are the prime factors of v?
47, 97
Let a = 497 + -1625. Let y = 1656 + a. List the prime factors of y.
2, 3, 11
Suppose x - 86 = -2*o, 4*x - 67 = o + 304. What are the prime factors of 3*1295/(-111)*x/(-14)?
2, 5, 23
Suppose 2*l + 56*m - 76062 = 61*m, 3*l + m - 114093 = 0. List the prime factors of l.
3, 7, 1811
Suppose -3*o = -2*f + 18 - 6, -3*f + 2*o = -13. Suppose -f*z + 28 = -4*m, 8 + 0 = 2*z. Let g(h) = -2*h**3 - 6. What are the prime factors of g(m)?
2, 61
Suppose 5*r - 3*f + 24 = 0, -8*r + 6*r = 2*f. Let a be 2/(-2 - 8/r). Suppose -4*o = -3*v + 479, -491 = -a*v - 0*v + o. List the prime factors of v.
3, 5, 11
Let s be 8/20 - 2/5. Let a = 715 + -383. Suppose 2*g + 7*r - a = 2*r, -g - 3*r + 164 = s. What are the prime factors of g?
2, 11
Let n be (18 - 2) + 4 + -1. Suppose 4 = -3*k + n. Suppose -134 - 106 = -k*i. What are the prime factors of i?
2, 3
List the prime factors of 10342 + -7 - -9 - -1 - -4.
79, 131
Let m be 1/5 + (63/35 - -2). Suppose 0 = -4*q + x + 2228 - 780, 0 = -m*x - 16. List the prime factors of q.
19
Suppose -2*t + t + u = -91, -2*u = -6. Let k = -95 + t. List the prime factors of (-4)/k*(17 + -5)/6.
2
Let v(y) be the third derivative of y**4/12 + 3*y**3 - 3*y**2. Let x be 2/(-5) - 56/10. List the prime factors of v(x).
2, 3
Suppose 5*w + a - 2351 = 0, a + 946 = 2*w - 0*w. Suppose -5*z + 4*d - w = -2*z, -5*z - 5*d = 750. Let b = -84 - z. What are the prime factors of b?
3, 23
Let r = -79 - -81. Suppose 616 = -r*x + 9*x. Suppose 217 + x = 5*t. What are the prime factors of t?
61
Let v be 3 + -2 - 4 - (5 - 10). Suppose -v*i + 2664 = 4*y, 2*i - y = 4*y + 2709. What are the prime factors of i?
2, 11, 61
List the prime factors of ((-24798)/4)/(-8 - (-11 + 56/16)).
3, 4133
Suppose -814506 + 164282 = -161*g + 160089. List the prime factors of g.
7, 719
Suppose -264*y + 268*y - 36946 = -2*t, -92455 = -5*t + 5*y. List the prime factors of t.
5, 3697
Let x = 7936 - -3817. List the prime factors of x.
7, 23, 73
Suppose -2*b + 3*u + 15710 = 0, 3*b = 4*u - 9597 + 33164. What are the prime factors of b?
7, 1123
Suppose f + 2*g = 35490, -5*f - 3*g - 2*g + 177430 = 0. What are the prime factors of f?
2, 113, 157
Suppose 5*r - 40243 = -3*t, t - 3*t = r - 8050. Suppose -5*a + 52 + r = 0. List the prime factors of a.
2, 3, 5
Let h(i) = -165*i + 189. Let p be h(20). Let l = -1946 - p. What are the prime factors of l?
5, 233
Let w = -152 + 162. Suppose -284 - 616 = -w*g. List the prime factors of g.
2, 3, 5
Let l = -17723 + 27470. What are the prime factors of l?
3, 19
Let j(i) = i**3 + 33 + 1 - 33*i**2 - 16 + 35*i + 21. What are the prime factors of j(32)?
3, 5
Let q(y) = -y**3 + 25*y**2 + 43*y - 27. Let j be q(29). Let w = 4160 + j. List the prime factors of w.
2, 3, 7
Suppose -1753 = -6*h + 485. Let n = h + -25. List the prime factors of n.
2, 3, 29
Let y be (-135864)/(-32) + (-18)/24. Let m = y - 2352. What are the prime factors of m?
3, 631
Let x = 64 + -60. Suppose 4*s + 5*u = s + 531, 731 = x*s - u. List the prime factors of s.
2, 7, 13
Let b(a) = a**3 + 12*a**2 - 6*a + 5. Let i be b(-12). Let n = -74 + i. What are the prime factors of (n/(-3) + 0)*-97?
97
Suppose 5*q - 51557 = 332*z - 335*z, 0 = -5*q - 2*z + 51563. What are the prime factors of q?
5, 2063
Suppose -2934 = -2*g + 82. Suppose -367 = -2*w + 5*r + 422, -4*r + g = 4*w. List the prime factors of w.
2, 191
Suppose 4*i - 